h and w?
9
Let s be 18/1 + 2/1. Let a(o) = 11*o**2 + 4*o + 3. Let m be a(-1). What is the greatest common divisor of m and s?
10
Let k = -22 + 55. Suppose 2*d - k = 51. What is the greatest common divisor of d and 7?
7
Let q(z) = 12*z - 1 + 0 + 0. Let l be q(2). Let y = 33 - l. What is the greatest common factor of 110 and y?
10
Let f be 12*(2 + 2)/4. Calculate the greatest common divisor of f and 84.
12
Let n = -11 - -19. Calculate the highest common factor of n and 88.
8
Let g(o) = -2*o**2 - o**2 + 9*o**2 + 7*o**2. Let y be g(-4). Calculate the greatest common divisor of 26 and y.
26
Let o be (-9)/3*4/6. Let v = o - -6. Suppose y - 4 = v. Calculate the greatest common divisor of 8 and y.
8
Let f be (3 - -11) + 3 + 2 + -1. What is the greatest common factor of f and 6?
6
Let f be (-10)/((18/(-12))/(5 - 2)). What is the highest common divisor of f and 10?
10
Let b be (-8 - -18) + (0 - 5). Calculate the greatest common factor of b and 50.
5
Suppose w - 4*d + 0 = 8, -100 = -4*w - d. Calculate the highest common factor of w and 3.
3
Suppose 0 = -2*s + 3*w, -s + w = s - 8. Suppose -s*y = -y - 45. Let m be (-6)/2 + 1*y. What is the highest common factor of m and 54?
6
Suppose -154 = -5*h - 3*g, h - 4*g = -9*g + 44. Suppose -5*d + h = 5*a - 11, 22 = 5*a - 4*d. What is the greatest common divisor of 42 and a?
6
Suppose -z + 90 = 2*z. Let q(r) = r**2 + 3*r + 2. Let x = -7 - -10. Let o be q(x). What is the greatest common divisor of o and z?
10
Let q(k) = k**3 + 3*k**2 - 6*k - 2. Let c = -2 + -2. Let w be q(c). Calculate the highest common divisor of w and 66.
6
Let u(k) = 4*k**2 + 4*k + 2. Let g be u(-4). Suppose 0 = -3*c + 220 + g. Calculate the greatest common divisor of c and 36.
18
Let b be ((-2)/(-6))/(10/3150). What is the highest common divisor of 70 and b?
35
Let o be (9/2)/(2/12). What is the highest common divisor of 189 and o?
27
Let y(i) = 23*i**2 - 1. Let f be y(-2). What is the greatest common factor of 13 and f?
13
Let a be ((-10)/15 - -2)/(1/3). What is the highest common divisor of 2 and a?
2
Suppose -585 = -3*v - 0*v. Suppose v - 33 = 6*o. Calculate the highest common divisor of o and 9.
9
Suppose 0 = p + 4*d - 40, -d - 6 - 38 = -2*p. Let w(f) = -5*f + 4*f - 9*f. Let t be w(-6). Calculate the greatest common divisor of p and t.
12
Let a = -10 + 20. Suppose w - 2*f + a = 5*w, 2*f = -3*w + 6. Calculate the greatest common divisor of 10 and w.
2
Suppose 3*p - 4 = -p. Suppose p = g, -57 = -l - 3*l - 5*g. Suppose 3*x = -2*t + 117, 0 = 4*x + t - 203 + 47. What is the highest common divisor of l and x?
13
Suppose -7*h = -9*h + 88. What is the greatest common factor of h and 22?
22
Let v(c) = -c**3 - 4*c**2 - 6*c - 4. Let m be v(-4). Let d(a) = a**2 - 7*a + 4. Let k be d(7). Calculate the highest common factor of m and k.
4
Let q(o) = o**3 + 12*o**2 - 9*o - 4. Let t be q(-9). Calculate the greatest common divisor of t and 40.
40
Let w(r) = -4*r + 17. Let m be w(12). Let y = 47 + m. Calculate the highest common factor of y and 16.
16
Let y be 93*((-56)/(-48) - (-1)/(-6)). What is the highest common divisor of 62 and y?
31
Let w be ((-16)/(-3))/(4/18). Let i = 8 - 5. Suppose -4*r - 3*a + 252 = 0, -4*r + 168 = -i*a - 60. What is the highest common divisor of r and w?
12
Suppose -98 = -i + 5*g, 4*i + 4*g + 0*g = 296. What is the greatest common factor of 6 and i?
6
Suppose -3*k - 2*b + 270 = 0, k + b - 100 = -3*b. Suppose t + 34 - k = 0. Calculate the greatest common divisor of t and 18.
18
Suppose r + 2*r = 72. What is the highest common factor of 3 and r?
3
Let i(s) = 5*s**2 - 3*s + 2. Let y be i(2). What is the greatest common factor of 32 and y?
16
Let i(l) = l**2 - l. Let f be i(0). Let h(u) = f*u + 1 - 3*u - 16*u. Let x be h(-4). Calculate the highest common factor of 11 and x.
11
Let o = -5 + 5. Suppose s = -4*z - 0*s + 9, o = s + 3. Suppose -1 = -z*j + 2*y + 4, y = -2*j + 1. Calculate the highest common factor of j and 1.
1
Suppose -1095 = -5*a + h, -165 = -3*a + 2*h + 485. Suppose 140 = -0*g + 7*g. Calculate the greatest common divisor of g and a.
20
Suppose 0 = 5*v + 2*c - 83 - 77, 5*v + c = 155. What is the highest common factor of 70 and v?
10
Let x = 5 + -1. Suppose 0*p = -x*p + 48. Suppose 4*w = -0*c - 3*c + 92, 91 = 4*c - w. Calculate the greatest common factor of p and c.
12
Suppose -3*x + 147 = 27. Calculate the highest common divisor of x and 8.
8
Let v be (-6 + 4 + -2)*-3. Let k(y) = -y**3 + 12*y**2 + 6. Let x be k(v). Calculate the greatest common factor of 6 and x.
6
Let a be (1 - -6) + 4 + -1. Calculate the highest common divisor of a and 20.
10
Let d(t) = t - 2. Let p be 30/9*(-6)/(-4). Let w be d(p). Suppose -1 - 7 = -2*c - 2*r, 0 = 3*c + 4*r - 15. What is the highest common divisor of w and c?
1
Let l be (-2 + 1 - -2)*59. Let d be -3 + 3 - (3 - l). Calculate the highest common divisor of d and 7.
7
Suppose w + 45 = 5*h - 2*w, h - 9 = w. Suppose -2*r + r + 27 = 0. What is the highest common factor of r and h?
9
Let w(h) = -h**2 - 11*h - 8. Let l be w(-9). Suppose -g + l = 2*y, 7*g - 16 = 4*g + y. What is the highest common divisor of 66 and g?
6
Let s(n) = -n. Let v be s(-1). Let o be -2 - 110/(-2) - v. Suppose d + 117 = 10*d. Calculate the highest common factor of o and d.
13
Let f = -8 - -16. Suppose 2*y = 44 + 4. Calculate the highest common factor of f and y.
8
Let q(i) = -i**2 - 8*i - 7. Let g be q(-5). Suppose 4*z + a = -z - 943, 0 = -3*z + 5*a - 549. Let x = z - -276. Calculate the highest common divisor of g and x.
8
Let a be ((-5056)/(-30))/4 - (-16)/(-120). Calculate the greatest common divisor of a and 28.
14
Suppose 3*s = -b - 0*s + 27, -4*b - 4*s = -116. Calculate the greatest common divisor of b and 24.
6
Let m be -806*1/(-10) + (-8)/(-20). What is the highest common factor of 54 and m?
27
Suppose -w - 2*w = -36. Let a be 3/(-1)*5/(-3). Suppose -2*c - g = -196, -496 = -10*c + a*c - 4*g. What is the highest common factor of w and c?
12
Let x(g) = -g**3 + 3*g**2 - 3*g - 3. Let h be x(-3). What is the greatest common divisor of h and 24?
12
Suppose 3*t = -29 + 11. Let q(u) = -u**2 - 6*u + 3. Let o be q(t). What is the highest common divisor of 15 and o?
3
Let q(g) = -g**3 - 15*g**2 - 20*g + 6. Let s(x) = -3*x**2 - 3*x + 4. Let o be s(-3). Let i be q(o). What is the highest common factor of i and 60?
30
Suppose -5*l = 5*z - 230, 3*z - 6*z = -4*l - 131. Calculate the highest common divisor of 60 and z.
15
Let d be (-24)/(-30)*35/2. Let b(q) = -2*q - 10*q**3 + 2*q - 1 - 2*q**2 + 2*q**3 - 2*q. Let j be b(-1). What is the greatest common divisor of j and d?
7
Suppose 6*o = 209 + 79. What is the highest common divisor of o and 120?
24
Let t = -1 + 1. Suppose -2*n + 5*u - 26 + 4 = t, -n - 10 = -2*u. Let j be 54/4 - 9/n. Calculate the greatest common factor of j and 6.
3
Suppose 2 = c + s + 4, -c - 4*s - 17 = 0. Suppose 0 = c*l - 21 - 33. Calculate the greatest common divisor of l and 198.
18
Let z = -204 - -464. Suppose -5*w - a = a - z, 0 = -3*w - 5*a + 175. Suppose -69 = -2*v - v - 3*i, 4*i - 12 = 0. What is the greatest common divisor of v and w?
10
Suppose 25 - 10 = 3*f. Let g = -2 + f. Suppose 5*w = g*k - 378, 5*k - 226 - 382 = w. Calculate the greatest common divisor of k and 11.
11
Suppose -s + 3*o + 63 = 3*s, -o - 53 = -4*s. Calculate the highest common divisor of s and 48.
12
Let c(v) = v + 1. Let i(x) = x**2 - 6*x - 3. Let r(y) = 4*c(y) + i(y). Let s be r(7). Suppose -145 = -4*g - 49. Calculate the greatest common factor of g and s.
12
Let v be (2 - 15)/(-1) - -2. Calculate the highest common divisor of v and 3.
3
Suppose 5 = -f + 20. What is the highest common factor of 20 and f?
5
Suppose -w + 52 = w. Suppose -16 = -3*i + w. Calculate the highest common divisor of 112 and i.
14
Let y be (-1)/2 + 6/4. Let t(s) = s**2 - 5*s + 1. Let x be t(5). Let a = x - -7. Calculate the greatest common divisor of a and y.
1
Let x = -2 - -2. Suppose x = 2*o + o - 96. What is the greatest common divisor of o and 16?
16
Let q = 71 - 37. Suppose -6*o + 3*o = 366. Let u = -37 - o. What is the greatest common divisor of u and q?
17
Let p be (-80)/6*2*-3. Let j(k) = -k**2 + 17*k - 20. Let g be j(15). What is the greatest common divisor of p and g?
10
Suppose 2*h + 13 = 121. Calculate the greatest common factor of h and 432.